d?
1588f6
In base 14, what is a1 + -7aa6?
-7a05
In base 2, what is -1011110100001010 + 101001?
-1011110011100001
In base 15, what is 13870 - 3c3d?
eb32
In base 4, what is 3113 - -113033311?
113103030
In base 15, what is 29c25 + 612?
2a337
In base 11, what is -43591877 - 1?
-43591878
In base 10, what is -549 - 718686?
-719235
In base 10, what is -1717 + -33188?
-34905
In base 13, what is b6 - a99800?
-a99717
In base 15, what is -5767 + 166?
-5601
In base 8, what is -53 - -163102?
163027
In base 13, what is -382 + 21190?
20b0b
In base 6, what is -30022222322 - -5?
-30022222313
In base 7, what is -365315000 - 3?
-365315003
In base 4, what is -12111210023 + 3021?
-12111201002
In base 7, what is -6661110 - -4?
-6661103
In base 11, what is 0 + -36a88386?
-36a88386
In base 7, what is 116 - -3303124?
3303243
In base 5, what is 20421410421 + -3?
20421410413
In base 14, what is -5 + -17d66d?
-17d674
In base 5, what is 200002301 - -440?
200003241
In base 12, what is -7a9721b24 + -2?
-7a9721b26
In base 16, what is -bcc - 26d?
-e39
In base 5, what is 2403400232 - 10?
2403400222
In base 12, what is -386 - 3613?
-3999
In base 4, what is -3 + -20311112323030?
-20311112323033
In base 12, what is 9b5 - -48268?
49061
In base 10, what is 240471518 + 2?
240471520
In base 7, what is 12 + -310566261?
-310566246
In base 9, what is 15106176 + 0?
15106176
In base 9, what is 5758 + -438?
5320
In base 2, what is -1 + 1111000000101101011?
1111000000101101010
In base 4, what is -13033322 + 2323213?
-10110103
In base 6, what is 124434204253 - -1?
124434204254
In base 14, what is 5 + 3c2cd7?
3c2cdc
In base 9, what is -31050772 - -3?
-31050768
In base 8, what is 1743021 + 5?
1743026
In base 12, what is 1 - 5a5475?
-5a5474
In base 8, what is -505777 + 5?
-505772
In base 7, what is -141360 - 1241?
-142631
In base 2, what is -10 + 10011000101011011100001?
10011000101011011011111
In base 9, what is 350874 - -65?
351050
In base 6, what is -35424214 + 25?
-35424145
In base 7, what is 354202303 + 6?
354202312
In base 2, what is 101000010010110111100010000110 - -1?
101000010010110111100010000111
In base 14, what is -298d - -d?
-2980
In base 7, what is 30522101 + -6?
30522062
In base 12, what is -4 + -1055618?
-1055620
In base 16, what is -5 + 2e676?
2e671
In base 5, what is -223300 - -14124?
-204121
In base 10, what is 11460645 + -2?
11460643
In base 2, what is -10010010100101010011000011 + -10001?
-10010010100101010011010100
In base 4, what is -11213 - 120311333?
-120323212
In base 9, what is -5 - -1841160?
1841154
In base 9, what is -8373 - 15?
-8388
In base 4, what is 100230222 + -11201?
100213021
In base 12, what is -4 + -216800b?
-2168013
In base 6, what is 1005323522 - -1?
1005323523
In base 13, what is -1064938 + 5?
-1064933
In base 4, what is 13220 - 31303230?
-31230010
In base 15, what is 17a85e62 - 1?
17a85e61
In base 10, what is 4 - -3714493?
3714497
In base 13, what is 225a31 - -48?
225a79
In base 13, what is -1971 + 43bb1?
42240
In base 15, what is 19 - d9890?
-d9876
In base 9, what is -5 + -270545730?
-270545735
In base 11, what is -1893750 + -521?
-1894171
In base 16, what is 2c5ed3 + 4b?
2c5f1e
In base 13, what is 2 + -17a4954?
-17a4952
In base 8, what is 2 + -3741307?
-3741305
In base 8, what is 241 - 226417?
-226156
In base 4, what is -1100111100032 + -1?
-1100111100033
In base 6, what is 142022 + -21514?
120104
In base 11, what is -4390 - -6338?
1a58
In base 16, what is -5 + d1ef8d?
d1ef88
In base 9, what is 4 - -148372166?
148372171
In base 5, what is 123 - 4321344?
-4321221
In base 5, what is 12132412041 - -2?
12132412043
In base 3, what is 12 + 112020101102212?
112020101110001
In base 12, what is -1 + 48895862?
48895861
In base 7, what is -210 - -143451?
143241
In base 2, what is -1111001110111110100 + 101010?
-1111001110111001010
In base 6, what is 3050 - 34105?
-31015
In base 9, what is -345422 - -551?
-344761
In base 14, what is 9dc0 + -798?
9626
In base 2, what is 11 + -1011001111011111100000101?
-1011001111011111100000010
In base 10, what is -850573 - 28?
-850601
In base 3, what is -21010 - 12011002020012?
-12011002111022
In base 7, what is -332035 + 4306?
-324426
In base 14, what is 227 - -2520?
2747
In base 7, what is -550006631 + -3?
-550006634
In base 14, what is -4a860c52 + -1?
-4a860c53
In base 6, what is 0 - 5202130040?
-5202130040
In base 9, what is -44 - -2308815?
2308761
In base 2, what is -11101011101010100 - -11001011010?
-11101000011111010
In base 16, what is 1eb7bc + -16?
1eb7a6
In base 2, what is 110101001100110100101 + 0?
110101001100110100101
In base 2, what is 11100011 + 1110111011000011110000?
1110111011000111010011
In base 15, what is -1 + -955259?
-95525a
In base 8, what is 4000617 + -120?
4000477
In base 6, what is 25505 - 515040?
-445131
In base 8, what is 172003 - -741?
172744
In base 7, what is -14242055 + 1?
-14242054
In base 13, what is 3 - 5b414?
-5b411
In base 10, what is -505 + 898737?
898232
In base 10, what is 26 - 8491979?
-8491953
In base 11, what is -1284 + 6715?
5441
In base 2, what is 11101000100001100000111 - 10?
11101000100001100000101
In base 6, what is -105 - -145012?
144503
In base 16, what is 32d + -aa56?
-a729
In base 16, what is -4 - dcbf?
-dcc3
In base 12, what is -305531ba - 9?
-30553207
In base 9, what is 312626 - 17?
312608
In base 7, what is -13 + -3625133?
-3625146
In base 6, what is 23 - 53042114?
-53042051
In base 14, what is 1953492 + -4?
195348c
In base 14, what is 3 + 105c9d?
105ca2
In base 15, what is 3823e24 + -4?
3823e20
In base 9, what is 212020 - 211?
211708
In base 14, what is -10d72185 + -4?
-10d72189
In base 14, what is -168cb + 1a?
-168b1
In base 8, what is 336276054 - 2?
336276052
In base 12, what is 26a0 + -27470?
-24990
In base 16, what is -188f + b51?
-d3e
In base 4, what is -2 + 3000131233113?
3000131233111
In base 12, what is -64 - -104bb?
10457
In base 3, what is -1210102 - -10122221?
1212112
In base 9, what is -370 + 550467?
550087
In base 2, what is -1100000000 + 11101100000100001011?
11101011111000001011
In base 5, what is -220 - 411420?
-412140
In base 10, what is 423455 - 5?
423450
In base 7, what is 1 - -111652103?
111652104
In base 14, what is d53d69 + -27?
d53d42
In base 3, what is 121221121112 - -1202221?
122000101110
In base 5, what is 2112103 + 22?
2112130
In base 10, what is -29 + -44784061?
-44784090
In base 16, what is c - -166936?
166942
In base 14, what is 266 - -dd7b?
10203
In base 2, what is -1000011001000110 + 1100010?
-1000010111100100
In base 3, what is -21001211101 - 2?
-21001211110
In base 10, what is 520 - -436856?
437376
In base 9, what is 74346 - -12?
74358
In base 15, what is 11 - -8211c?
8212d
In base 9, what is -123602 - 738?
-124441
In base 12, what is 8621 + -3540?
50a1
In base 11, what is 790752 + 6?
790758
In base 16, what is -53651d0 + -4?
-53651d4
In base 3, what is -2 - -1212011211102120?
1212011211102111
In base 14, what is 5 + 47a0ac4?
47a0ac9
In base 15, what is 44 + -1dc0b?
-1dbb7
In base 12, what is -4 + 226286?
226282
In base 7, what is 3 - -46113303?
46113306
In base 2, what is -101010001101100011111110001 + 101?
-101010001101100011111101100
In base 2, what is -1001011010001101001 - 11101100?
-1001011010101010101
In base 3, what is -10101 + 1200200122001?
1200200111200
In base 14, what is -2 - -5a92694?
5a92692
In base 14, what is 1 - 656288?
-656287
In base 12, what is 28421 - -14a2?
29903
In base 14, what is -36d16 + -b70?
-37a86
In base 4, what is 100 - -10003010003?
10003010103
In base 5, what is -1231 - 1010211?
-1011442
In base 16, what is -2 - -1e0ae2?
1e0ae0
In base 6, what is 225 - 14255124?
-14254455
In base 7, what is 2305 + 2126655?
2132263
In base 10, what is 47 - 199246?
-199199
In base 11, what is -a85514714 - -2?
-a85514712
In base 8, what is 2554 - -3045?
5621
In base 4, what is 20301011320112 + -2?
20301011320110
In base 2, what is -1100100001001110101 + -100111000?
-1100100001110101101
In base 2, what is 100 + -1011101111110000100010?
-1011101111110000011110
In base 7, what is 34656 + 146?
35135
In base 12, what is -6903643 + 5?
-690363a
In base 6, what is 52 + 2535535?
2540031
In base 10, what is 994 - -10913?
11907
In base 3, what is -1002 + -221020100020010?
-221020100021012
In base 10, what is -316624770 + 1?
-316624